omposite?
False
Let n(f) = 2*f**3 + 4*f**2 - f - 2. Let b be n(-2). Let o(t) = -4*t - 4206. Let s be o(b). Is (16/(-24))/(4/s) a prime number?
True
Let m(c) = -104*c**3 - 13*c**2 + 4*c + 31. Is m(-7) composite?
True
Let m be (72/(-32))/(((-6)/40)/1). Let u(i) = -82*i**2 - 8*i - 6. Let t be u(-6). Is ((-6)/m)/(6/t) prime?
False
Let o = -340 - -329. Is (-877)/2*(-9 - o)*-11 composite?
True
Suppose 3*q - 3571 = -4*c, 0 = -q - 4*c + 6*c + 1197. Let j = q + -371. Let v = j + 2271. Is v a prime number?
False
Suppose 3 = -4*r - 5, 5*r - 5653 = -x. Is x a prime number?
False
Let s = 2859 + -15429. Suppose -51*z = 372 - 66. Is ((s/(-9))/5)/((-4)/z) composite?
False
Suppose -42*t + 22510 + 461487 = -5*t. Is t prime?
False
Let a = 44 - 41. Suppose -a*f - 2064 = -5*q, q - 836 = -q - 4*f. Suppose -3*l + j + q + 640 = 0, 4*l - 1387 = 5*j. Is l composite?
False
Let s be 22/(-3 + (-1496)/(-496)). Let i = -385 - -222. Let f = i + s. Is f a composite number?
False
Let q(t) = -t + 9. Let v be q(4). Suppose -v*d + 582 = -2*d. Is (d/4)/((-6)/(-132)) a prime number?
False
Is (-296661 - 10)*((-7)/(-35))/((-1)/5) composite?
True
Let z(u) = -2082*u - 1412. Is z(-9) a composite number?
True
Let m(v) = 22*v + 16. Suppose 66 = -4*t + f + f, t + 3*f + 34 = 0. Let y be m(t). Is (y/(-9))/(6/9) composite?
False
Is 207335 - (-5 + 63/(-7)) a composite number?
True
Suppose 0 = -12*s - 164 - 52. Is -6*(21369/s)/17 a prime number?
True
Is 11 + (1 - (-92962 - 13)) a prime number?
True
Suppose 4*i + 160 = 2*c, 8*c - 6*c + 8 = 0. Is i/(-4)*3/(45/22070) prime?
False
Suppose 16*i - 537 = 199. Suppose i*b - 407371 = -26169. Is b composite?
False
Suppose y - 5*g - 22773 = 0, -48269 = -3*y - g + 19922. Is y a prime number?
False
Suppose 3*d + 11*r - 6*r - 203534 = 0, 2*r = 4*d - 271422. Is d composite?
False
Suppose 4*d - 113 + 29 = 0. Suppose -3*x = 24*b - d*b - 18726, 3*x = -2*b + 18727. Is x composite?
True
Let z = 24585 + 5462. Is z composite?
False
Suppose 0 = 6*r - 119 - 319. Let g be (-3)/((-9)/(-6)) - r - 0. Let k = 212 - g. Is k a composite number?
True
Let i(n) = -57852*n + 4297. Is i(-13) composite?
False
Suppose -h + 5 + 0 = 5*n, 0 = -h + 2*n + 12. Suppose 2*w + 5*z = -h, 2*w - z - 12 = 2. Suppose s - 4*v = -3*s + 4196, -5*s - w*v = -5245. Is s prime?
True
Let y(v) = 5 + 2 + 64 - 97*v - 8*v. Is y(-10) composite?
True
Let v(s) = 44*s + 264. Let u(y) = 21*y + 131. Let m(b) = 5*u(b) - 2*v(b). Is m(42) a composite number?
True
Let f = -559 - -1039. Suppose 8*i + i = 36. Suppose -s + f = 2*j, -3*j - i*s - 470 = -5*j. Is j composite?
False
Suppose -7*i = -2*i - 20. Suppose 4*k - 718 - 7114 = -i*u, 4*u = k - 1983. Is k prime?
False
Suppose -h - 8 = 5*t - 4*t, 32 = -4*h + 5*t. Let r be (36/h + 0)/(3/(-4)). Suppose -191 + 1313 = r*z. Is z prime?
False
Let b(v) = 743*v - 16. Let r(l) = 744*l - 17. Let g(w) = -4*b(w) + 5*r(w). Is g(4) prime?
True
Let o be (-90035)/(-15) - -1*6/9. Let t = -3192 + o. Is t a prime number?
False
Let k = 54 + -51. Suppose -k*f + 3*b - 681 = -16593, -5*f + 26540 = 5*b. Is (-1)/((-6)/(-9))*f/(-21) a prime number?
True
Let s(r) = -207*r + 134. Let w(t) = t - 3. Let n(l) = s(l) - 5*w(l). Is n(-4) composite?
False
Suppose 0 = 4*v - 4, 3*j + v - 1953 = -2*v. Is 55946/50 - (-52)/j a composite number?
True
Is 150/(-1725) - (-631605)/23 prime?
False
Suppose -27*g - 30*g + 7623311 + 541312 = 0. Is g a composite number?
False
Let c(t) = 150867*t**2 - 12*t + 2. Is c(-1) a composite number?
False
Let t be -3*4/(-30)*(54 + 15151). Suppose g - t = 307. Is g prime?
True
Let g(h) = h**3 + h**2 - 16*h + 10. Let t be g(-5). Is t/2 + (1000 - 0) a composite number?
True
Let w(d) = -d**2 - 8*d + 12. Let r(v) = -2*v**2 - 15*v + 25. Let f(p) = 4*r(p) - 7*w(p). Let g be f(6). Is 2481 - ((-2)/(-10) + g/20) prime?
False
Suppose 5*c + 126698 = 2*w, w + 3*c - 316807 = -4*w. Is w a composite number?
True
Suppose -3*d + g - 12 - 168 = 0, 0 = g - 3. Let q = d - -59. Suppose q = -12*p + 15*p - 1245. Is p a prime number?
False
Let x be 11 + 1 - (-2 + -2). Suppose -x = -3*d - d. Suppose 1230 = d*i - h, 2*h + 7 - 3 = 0. Is i composite?
False
Let i(t) = -100*t + 1. Let b(h) = 300*h - 4. Let s(c) = -2*b(c) - 7*i(c). Let k be s(1). Suppose -6*l + 10*l = -f + k, -3*f = 4*l - 343. Is f prime?
False
Let a(b) be the first derivative of 10*b**3 + 3*b**2/2 - 2*b - 1. Let l be a(-6). Is 3/(-6*(-2)/l) a prime number?
False
Suppose 32*p = 24*p + 12520. Suppose -2*g + 3*k + p = 0, 31*g - 30*g + 4*k = 799. Is g prime?
True
Let l be -1 + 6/9*84/8. Suppose -l = -w - 0. Suppose w*c - 4*c = -5*b + 638, 979 = 3*c + 2*b. Is c a composite number?
True
Let t(q) = 33*q**3 - q**2 + 2*q - 29. Let u be t(5). Is 22/33 + u/3 a prime number?
True
Is (-153442850)/(-1300) - (-4)/104 prime?
True
Let x(i) = 20*i**2 - 88 - 10*i**3 - 20*i + 50*i + 11*i**3. Is x(-15) a prime number?
True
Let s(j) be the third derivative of j**6/120 + j**5/5 - j**4 - 31*j**3/3 + 10*j**2. Is s(19) composite?
True
Suppose -w + 2362646 = -202*m + 207*m, -1890133 = -4*m + w. Is m composite?
True
Let a be (-3)/((-3)/(-128)*4). Suppose -2*m + 150 = -2*z, m - 85 = z + 2*m. Is 30903/5 + a/z composite?
True
Suppose -3*d + 81030 + 32036 = -655. Is d a composite number?
False
Suppose 63*d - 70*d + 98 = 0. Suppose -d*c - 11002 = -15*c. Is c prime?
False
Let l(j) = 5*j**3 + 5*j**2 - 7*j**3 - 854*j + 822*j - 11. Is l(-10) composite?
True
Let x = 2826 - 1038. Let w(b) = b**2 + 10*b - 20. Let f be w(27). Let q = x + f. Is q a prime number?
True
Let x(j) be the third derivative of -21*j**4/4 - j**3 + 5*j**2. Let b(t) = 126*t + 5. Let y(o) = -5*b(o) - 4*x(o). Is y(-2) prime?
True
Suppose -901078 = -2*a - 112*q + 108*q, 3*q - 450547 = -a. Is a prime?
False
Suppose 2*h - 6 = -4. Let y be (-60652)/(-10) + (h/(-5))/1. Suppose -5*q + y = -1260. Is q a prime number?
False
Suppose 5*v - 4501 = 30*y - 31*y, 4*v = -3*y + 13569. Is y a composite number?
True
Suppose -4*b + 7*b - 63 = 0. Suppose 0 = -5*s + b + 419. Suppose -3*p + 161 = -s. Is p a composite number?
False
Suppose 3*d - 186768 = -2*h - 55973, -43589 = -d + 4*h. Is d a prime number?
True
Is 103128 - (63 - 13)/10 prime?
True
Let g(n) = -348*n + 43. Let p be g(-6). Let a(w) = -w - 2. Let s be a(-4). Suppose -p = -5*u + s*l + 3620, 4*u = 4*l + 4596. Is u composite?
False
Let x(m) = 44*m - 11. Let l = 121 + -123. Let d be (2/8*l)/(7/(-28)). Is x(d) prime?
False
Suppose -5*s = -8*s + 15. Suppose 10*i - 2317 = 12053. Suppose 4*y + u = i, -1433 = -4*y - s*u + 8. Is y composite?
False
Let i = 3 + -623. Let x be (-2631)/(-3) + (2 - 0). Let g = i + x. Is g prime?
False
Suppose 6630*s = 6583*s + 34673263. Is s prime?
True
Suppose -b - 4*s + 31777 = 0, -7*b + 6*b + 5*s + 31813 = 0. Is b composite?
False
Let f(j) = -10*j + 3. Let n be f(0). Suppose -n*k = 3*h + h - 3979, 6655 = 5*k + 2*h. Is k composite?
True
Let o be -1*(-2 + 3 + -4). Suppose 4*f + 5*c = 17968, 0 = -f + o*c + 5042 - 567. Is f a composite number?
True
Suppose -c + 4553 - 7544 + 21110 = 0. Is c a composite number?
False
Let n be ((-17)/(-3) - -1) + 26/(-39). Suppose 0 = -c + n*c - 70. Is 352 - (6/c + 48/(-14)) a prime number?
False
Let l = 71 + -69. Suppose r - l*x = -1, -r = 2*r + 2*x - 21. Is 958/((0 - -2)/(r + -4)) a prime number?
True
Let o be (7 - (-36)/(-6))/(1/(-48)). Is (-809208)/o - (-2)/4 a composite number?
True
Let m = -146259 + 331826. Is m a composite number?
False
Let r = -126350 - -257451. Is r prime?
True
Suppose 43*h - 45*h + 1082 = 0. Suppose -j - 4*f - 1078 = -3*j, 0 = -j + 3*f + h. Is j a prime number?
False
Let s(n) = -40 + 5*n**2 + 3293*n - 15 + 24*n**2 + n**3 - 3305*n. Is s(-27) prime?
False
Suppose 4*p + 107490 = 3*s, 0 = 2*s + 2*p - 44672 - 26988. Suppose -20*z + 48610 = -s. Is z a prime number?
False
Let t(r) be the first derivative of 62*r**3/3 + r**2 - 9*r - 27. Suppose -5*b + 8 = 4*f, b = -2*b - 5*f - 3. Is t(b) a composite number?
False
Let b = -1480 + 3055. Suppose -2*c - 3*q = -353, q = -3*c + c + 355. Let z = b - c. Is z a prime number?
False
Suppose 3*y - 113 = 5*f, -5*f + 5*y = 48 + 57. Let a = f + 31. Suppose 2658 = a*x - 0*x. Is x a prime number?
True
Let n(o) = -2*o**2 + 9*o - 5. Let w be n(3). Suppose 2*b = 3*z + 246, 2*z = -4*b + 4*z + 508. Suppose -397 + b = -w*f. Is f a prime number?
True
Let y(n) = 1. Let j(a) 